2 + 11014*i - 55132. Calculate m(5).
13
Let p(c) = c**3 - 56*c**2 + 69*c - 361. Give p(55).
409
Let p(a) = a**2 - 43*a - 8454. Give p(-73).
14
Let o(d) = -6871*d - 281848. Calculate o(-41).
-137
Let j(w) = 46*w**2 + 1300*w - 6533. Calculate j(5).
1117
Let f(z) = 61*z**3 + 1461*z**2 - 88*z - 97. Give f(-24).
287
Let n(l) = 92*l**3 + 1010*l**2 - 57*l - 399. Calculate n(-11).
-14
Let t(g) = -287929*g - 575854. Calculate t(-2).
4
Let q(a) = -55*a**2 - 634*a + 3205. Give q(5).
-1340
Let b(n) = -471*n**2 + 17424*n + 135. Give b(37).
24
Let p(q) = -q**3 + 26*q**2 + 79*q + 82. Give p(29).
-150
Let u(h) = 2*h**3 - 50*h**2 - 74*h + 2911. Calculate u(24).
-17
Let a(r) = 3*r**3 - 4370*r**2 - 63282*r + 42667. Give a(1471).
8
Let d(o) = -10*o**3 - 618*o**2 + 462*o + 20942. Calculate d(-62).
-14
Let h(p) = p**3 - 2084*p + 6214. What is h(3)?
-11
Let p(n) = n**2 - 13848*n + 6080855. Give p(454).
-21
Let w(f) = 2*f**3 + 22*f**2 - 24*f + 95. Determine w(-11).
359
Let o(g) = g**3 - 29*g**2 - 727*g + 19. What is o(-16)?
131
Let c(b) = -b**3 + 70*b**2 + 53529*b - 372. Give c(-199).
26
Let n(r) = -5460*r - 16348. Give n(-3).
32
Let w(k) = 5*k**2 + 642*k - 2352. Determine w(-132).
24
Let y(r) = -r**2 - 1077*r + 56361. What is y(50)?
11
Let z(a) = -23895*a + 2150551. What is z(90)?
1
Let i(k) = -3*k**3 + 73*k**2 - 115*k + 539. Give i(23).
10
Let m(c) = -c**3 - 302*c**2 - 3167*c + 507. What is m(-11)?
133
Let m(u) = -u**3 - 3283*u + 37437. Determine m(11).
-7
Let k(m) = 28*m**2 - 1814*m - 18375. What is k(-10)?
2565
Let v(t) = 182*t + 14899. What is v(-81)?
157
Let p(v) = 195*v + 201. Give p(1).
396
Let h(d) = -5*d**2 - 2181*d + 13333. Determine h(6).
67
Let h(z) = 192*z - 18458. Determine h(95).
-218
Let o(h) = -937*h - 12682. Give o(-14).
436
Let h(j) = 1020*j - 6362. Give h(6).
-242
Let d(l) = 3245*l - 64897. Determine d(20).
3
Let j(s) = -94*s**2 + 323*s + 178. Determine j(4).
-34
Let x(g) = 539*g**2 - 30730*g + 426. Calculate x(57).
27
Let l(a) = 16*a**3 + 1492*a**2 - 1127*a + 151. Determine l(-94).
57
Let w(c) = -c**3 - 201*c**2 + 1888*c - 109. What is w(-210)?
311
Let s(c) = -c**3 - 14*c**2 + 4152*c + 54130. Give s(-13).
-15
Let r(z) = 142772*z + 1427729. Calculate r(-10).
9
Let o(f) = f**3 - 3*f**2 - 275*f - 1541. What is o(-10)?
-91
Let y(w) = -11*w**3 - 24*w**2 - 57*w - 15. What is y(-2)?
91
Let d(v) = 7619*v + 647617. Calculate d(-85).
2
Let d(h) = 1565*h - 42349. Calculate d(27).
-94
Let r(k) = -4313*k - 124942. Calculate r(-29).
135
Let z(k) = -175*k - 1812. Calculate z(-31).
3613
Let q(h) = -h**2 - 148*h - 2343. Give q(-130).
-3
Let c(t) = t**3 + 18*t**2 - 990*t - 18576. What is c(-19)?
-127
Let s(w) = -w**2 + 334*w - 22956. Give s(241).
-543
Let a(n) = 13*n**3 - 531*n**2 - 73*n - 375. Give a(41).
-6
Let q(p) = 3*p**3 + 48*p**2 + 3*p + 353. What is q(-20)?
-4507
Let k(h) = -8863*h + 10750794. Calculate k(1213).
-25
Let j(z) = 3*z**2 - 40715*z - 122087. What is j(-3)?
85
Let u(b) = b**2 - 2456*b + 155405. Give u(65).
-10
Let z(v) = 161596*v + 484865. What is z(-3)?
77
Let y(f) = -5*f**3 + 1240*f**2 - f + 373. Calculate y(248).
125
Let q(w) = -w**3 - 53*w**2 + 1012*w - 342. Determine q(-68).
202
Let t(o) = -o**3 + 131*o**2 + 257*o + 19472. Determine t(134).
42
Let p(c) = -19549*c - 977424. Determine p(-50).
26
Let f(n) = n**3 + 112*n**2 - 820*n - 174. What is f(-119)?
-1721
Let u(z) = z**3 - 10*z**2 + 81102*z - 486501. Give u(6).
-33
Let i(w) = 14010*w + 1232866. Calculate i(-88).
-14
Let o(h) = -47*h**3 + 179*h**2 + 281*h - 2. Give o(5).
3
Let s(i) = 11*i**3 + 409*i**2 + 90*i + 427. Calculate s(-37).
-165
Let b(o) = 2324*o - 13768. Give b(6).
176
Let n(o) = -5603*o + 661284. Give n(118).
130
Let w(o) = 2765*o - 671894. What is w(243)?
1
Let n(d) = -3*d**3 - 121*d**2 - 445*d + 825. Determine n(-36).
-3
Let u(r) = -3*r**3 + 29*r**2 - 46*r + 619. What is u(10)?
59
Let s(y) = 19*y**2 - 521*y - 202. Calculate s(27).
-418
Let c(g) = 2*g**3 + 8*g**2 + 19*g - 117. Determine c(5).
428
Let d(y) = -159*y - 14171. Determine d(-72).
-2723
Let x(y) = 3*y**2 - 344*y - 7524. Give x(-19).
95
Let v(z) = z**3 - 16*z**2 + 10*z - 97. Give v(15).
-172
Let h(i) = i**3 - 19*i**2 - 271*i + 1360. What is h(4)?
36
Let x(f) = -258*f - 3736. Calculate x(-15).
134
Let c(r) = 153*r + 11219. Determine c(-71).
356
Let w(v) = 493*v + 20081. Determine w(-36).
2333
Let n(u) = -2*u**2 + 178*u + 183. Calculate n(90).
3
Let n(v) = 5*v**2 + 1488*v - 38590. What is n(24)?
2
Let g(v) = 11*v**3 + 73*v**2 - 61*v - 201. What is g(-7)?
30
Let b(t) = 2*t**3 - 225*t**2 - 830*t + 81146. Calculate b(113).
125
Let i(d) = d**3 - 11*d**2 + 251*d + 22. What is i(0)?
22
Let n(g) = -2*g**2 + 3169*g + 22195. Give n(-7).
-86
Let m(o) = -37*o**2 - 27*o + 17. What is m(-5)?
-773
Let z(i) = -i**2 + 117*i + 7182. Determine z(161).
98
Let y(k) = -4033*k + 60472. Calculate y(15).
-23
Let s(r) = -r**3 - 29*r**2 - 667*r - 15335. Calculate s(-26).
-21
Let p(d) = -3261*d + 65185. Calculate p(20).
-35
Let w(f) = 239*f**3 - 261*f**2 + 292*f - 294. Give w(1).
-24
Let r(f) = 617*f**2 - 4929*f - 21. Determine r(8).
35
Let t(z) = -6*z**2 + 15*z + 1474. Calculate t(21).
-857
Let a(s) = 3*s**3 + 76*s**2 + 977*s + 26744. Calculate a(-26).
-10
Let k(u) = 184*u - 10829. What is k(60)?
211
Let x(h) = -11*h**3 + 315*h**2 + 50*h - 497. Give x(29).
-2411
Let i(z) = 194*z - 2805. Determine i(14).
-89
Let l(p) = -p**2 - 6055*p + 225415. What is l(37)?
11
Let f(r) = -r**3 + 20*r**2 - 847*r + 11681. What is f(14)?
999
Let t(n) = 2*n**2 - 564547*n - 1129098. Calculate t(-2).
4
Let s(u) = -3892*u - 35137. Give s(-9).
-109
Let o(x) = -x**2 - 27*x + 29. Determine o(4).
-95
Let j(p) = -90*p**2 + 906*p - 232. Give j(10).
-172
Let h(d) = -20*d**2 - 1572*d + 550. Give h(-79).
-82
Let d(j) = j**3 - 258*j**2 + 2476*j + 1118. Calculate d(248).
126
Let u(o) = -1712*o + 350979. Determine u(205).
19
Let a(p) = -154929*p - 1084489. Determine a(-7).
14
Let p(y) = -2301560*y + 16110912. Determine p(7).
-8
Let m(d) = -7618*d + 90933. Determine m(12).
-483
Let t(u) = u**3 - 22*u**2 + 123*u + 26. What is t(11)?
48
Let o(j) = j**3 - 1281*j**2 + 1763*j + 1016800. What is o(1279)?
-5
Let z(s) = -252*s - 44410. What is z(-172)?
-1066
Let w(d) = -d**3 + 59*d**2 + 55*d + 447. Give w(60).
147
Let t(q) = -311406*q - 5605302. Give t(-18).
6
Let w(b) = b**2 - 1520*b + 233035. What is w(173)?
4
Let u(n) = -n**2 - 80*n - 1309. Give u(-21).
-70
Let q(g) = -5*g**3 - 145*g**2 + 2467*g - 72. Give q(12).
12
Let z(h) = 113*h**2 + 6748*h - 1572. Calculate z(-60).
348
Let b(t) = 12333*t - 690699. Determine b(56).
-51
Let x(o) = 861964*o + 6895705. Determine x(-8).
-7
Let o(p) = -23*p**3 + 3*p**2 - 4346*p - 8695. What is o(-2)?
193
Let n(v) = -v**3 - 13*v**2 + 203*v + 2578. What is n(-13)?
-61
Let x(t) = -18944*t - 10362378. What is x(-547)?
-10
Let h(b) = -2*b**3 + 55*b**2 + 147*b + 103. Calculate h(30).
13
Let m(r) = -218*r - 750. What is m(-2)?
-314
Let s(p) = -20200*p + 220986. Determine s(11).
-1214
Let b(y) = -y**2 - 222*y + 3841. Calculate b(18).
-479
Let s(h) = -h**3 + 94*h**2 - 425*h - 103. Calculate s(5).
-3
Let m(v) = 5788*v + 1985438. Calculate m(-343).
154
Let w(o) = -99243*o + 595468. Give w(6).
10
Let c(t) = t**3 - 7*t**2 + 1464*t - 10232. Determine c(7).
16
Let j(o) = 2*o**3 - 272*o**2 - 266*o - 810. What is j(137)?
286
Let b(h) = -3591*h**2 - 92*h - 47. Give b(-1).
-3546
Let c(z) = -4105*z + 49279. Give c(12).
19
Let f(c) = -361*c**2 + 4321*c - 3. What is f(12)?
-135
Let u(c) = -c**2 - 45038*c + 315334. Calculate u(7).
19
Let r(z) = -720*z + 43164. Give r(60).
-36
Let m(v) = 92*v + 911. Give m(-16).
-561
Let a(r) = 1242*r + 83276. Give a(-67).
62
Let d(f) = -159306*f + 13859617. Determine d(87).
-5
Let v(k) = 19*k**2 - k + 321. Give v(11).
2609
Let s(h) = 2435*h - 26175. Calculate s(11).
610
Let i(h) = 16*h**2 + 1492*h - 29425. Give i(-110).
55
Let o(t) = 17*t**2 - 384*t - 79. Determine o(20).
-959
Let y(t) = -518*t + 38050. Determine y(70).
1790
Let x(v) = -82*v**2 + 7857*v + 1233. What is x(96)?
-207
Let r(w) = w**3 + 16*w**2 - 1192*w - 11297. What is r(-9)?
-2
Let z(j) = j**3 - 12755*j**2 + 152902*j + 44. Calculate z(12).
-124
Let v(x) = -16*x**3 - 169*x**2 - 1734*x - 19928. Determine v(-11).
-7
Let w(h) = 33*h**3 + h**2 + 62*h + 147. What is w(-3)?
-921
L